 -391 - -393. Let d(n) = 2*n**m - 13*n**3 + 14*n**3 - 3*n - 3 + n**2 - n**2. Determine d(l).
3
Let r(s) = -7*s**2 - 21*s - 1. Let g be r(-3). Let l be 0/(g/1 + 2). Let p(d) = d**3 + d**2 + 2*d + 3. Calculate p(l).
3
Let w(c) = 5*c - 138. Let s(n) = -5. Let r(u) = s(u) - w(u). Give r(27).
-2
Let k(u) = 2*u - 12. Suppose 2528 = 27*x + 20267. Let v = -652 - x. Determine k(v).
-2
Let n(k) = k - 1. Let i(v) = -v**3 - 8*v**2 - 15*v - 8. Let g(o) = i(o) + n(o). Let x(r) = -r**3 - 3*r**2 + 42*r + 92. Let j be x(-7). Calculate g(j).
3
Let b(o) = -2*o + 16. Suppose 46*m = 14*m + 576. Calculate b(m).
-20
Let a be 1 + (-25)/(-5) - 2. Let w(l) = 4*l + 13. Let s(c) = -3*c - 13. Let p(y) = a*w(y) + 5*s(y). Let h be p(6). Let k(u) = -u**3 - 7*u**2 - u - 4. Give k(h).
3
Let k(f) = f**3 - 25*f**2 - 61*f + 33. Let c(x) = x**2 + 4*x + 1. Let o(i) = -3*c(i) - k(i). Give o(24).
-12
Suppose 0 = 12*a + 3*a - 75. Let j(h) = 4*h + a*h - h**2 - 6*h + 2*h + 7. Let g(l) = 2*l + 1. Let y be g(3). Give j(y).
-7
Let n(h) = -h**3 - 6*h**2 - 4*h - 8. Let d be ((-2002)/39)/((-2)/(-3)). Let y = d - -49. Let z = y - -22. Determine n(z).
16
Let g(x) = -3*x**2 + 13*x + 20. Suppose -2*c - 36 = -8*c. Let u(o) = 0 + 2*o**2 - 5 + 1 - c*o - 6. Let r(f) = 3*g(f) + 5*u(f). What is r(-7)?
-4
Let l(x) = -x**2 - 10*x + 24. Let k be 8/(-36) - (-1167)/27. Suppose -52*g + k*g = 108. Give l(g).
0
Let s(w) = -11*w + 45. Let n be 60/(-170) - (-3375)/459. What is s(n)?
-32
Suppose 147*y = 121*y + 130. Let m(k) = -8*k + 10. Determine m(y).
-30
Let u(h) = -4*h**2 - 206*h + 312. Let p be u(-53). Let r(t) = 13*t + 42. Calculate r(p).
-36
Let b be -2 + (4 - 2) - 5. Let g(x) = -8*x - 3. Let v(p) = -35*p - 14. Let t(y) = 9*g(y) - 2*v(y). What is t(b)?
11
Let u(r) be the first derivative of r**3/3 - 5*r**2/2 + 2*r - 1882. Let k = -2 - -1. Let i be (-11)/(-2) - k/(-2). What is u(i)?
2
Let t(c) be the second derivative of 0*c**2 - 2*c - 1/6*c**3 + 0 - 1/2*c**4. Let k be 14/91 - (-750)/(-650). What is t(k)?
-5
Suppose 3*d - 8 + 18 = -4*r, -4*d = 3*r + 4. Suppose 2*o - d*f - 10 = 0, -60*o - 3*f + 49 = -55*o. Let n(k) = -3*k + 12. Give n(o).
-12
Let p(n) = -2*n**3 - 7*n**2 - 2. Let w(m) = 3*m**3 + 22*m**2 + 127*m - 12. Let h(s) = -2*p(s) - w(s). What is h(-8)?
8
Let y(p) = p**2 - 8*p + 6. Let t = 243 + -166. Let q = t + -71. Determine y(q).
-6
Let x be 0/((-6)/15*-5). Let u(f) be the second derivative of -f**5/20 - f**4/12 + f**3/6 + 6*f**2 + 84*f. Calculate u(x).
12
Let k(z) = 2*z - 5*z + z + 36 - 31. Let a = -39 - -35. Determine k(a).
13
Suppose -2*f = 2*f - 16. Suppose f*v + 3 = -d - 0, -5*d = -5*v - 10. Let c(l) = 2*l - 1. Let u(s) = -16*s + 5. Let w(r) = 4*c(r) + u(r). Determine w(v).
9
Suppose 4*p = -0*y + y - 23, -5*y = -3*p - 30. Suppose f + 22 = 4*k, -2*k = -y*k - 5*f - 5. Let j(a) = 1 + 0 + 1 + a. What is j(k)?
7
Suppose 0 = 3*k - 57 + 36. Let r = k + -11. Let t(g) = 4*g - 2*g**2 + 69 + 3*g**2 - 73. Determine t(r).
-4
Let y(h) = -h**2 - 13*h - 33. Suppose 38*s - 13 + 49 + 344 = 0. What is y(s)?
-3
Let l = -93 - -117. Suppose -43*x + 37*x = -l. Suppose -3*m = 5*s + 12, 4*s + 16 = -x*m + 7*s. Let j(z) = z**3 + 3*z**2 - 3*z + 2. What is j(m)?
-2
Let k(x) = 10*x**2 + 34*x + 11. Let c(a) = -737*a + 377*a + 371*a + 3*a**2 + 4. Let t(g) = 7*c(g) - 2*k(g). Calculate t(-6).
-12
Let o be 8/10*(11 - 1). Suppose 18*l = 11*l + 14. Let r(k) = -10 + 9*k + 7*k**2 - 26*k**2 + 4*k**l + 14*k**2. What is r(o)?
-2
Let p(w) = 3*w - 9. Let t(s) = 2*s - 6. Let x be 1 + 4 + (-2 + 13)/(-1). Let r(k) = x*t(k) + 5*p(k). Calculate r(8).
15
Let s(l) = -l + 33. Let d be s(27). Let c(w) = -w**3 + 4*w**2 + 8. Let k(h) = -h**3 + 5*h**2 + 10. Let f(x) = d*c(x) - 5*k(x). Calculate f(0).
-2
Suppose 10*w - 224 = 3*w. Let g(v) = w*v - 2 + 3 - v**2 - 2 - 26*v. Calculate g(6).
-1
Let j(i) = 84*i - 69*i - i**2 + 3 - 8*i. Give j(6).
9
Let u(c) = 2*c + 2. Let o be ((-2)/(-6))/(-3 + (-236)/(-78)). Let r be 4/6 + (-533)/39 + o. Determine u(r).
2
Let m(i) be the first derivative of 4*i**3/3 + 27*i**2 - 32*i - 54. Calculate m(-14).
-4
Let b be (-2115)/18*(-8)/10. Let j = b - 93. Let n(u) = 10*u**3 + 3*u**3 - 2*u**3 - u. What is n(j)?
10
Let j = 10770 + -10772. Let f(n) = -2*n + 3. Calculate f(j).
7
Let j be (-440)/(-165) - 4/6. Suppose 5 - 4 = -s - 2*k, -k = -j*s - 27. Let w(b) = b + 17. Calculate w(s).
6
Let c be (2/3)/(1/((-1107)/(-18))). Let z be ((-1)/(-1))/(1/(-34)). Let m = z + c. Let n(s) = s**3 - 6*s**2 - 8*s + 6. What is n(m)?
-1
Let x = 4 + -1. Suppose j + 0*j - 1 = -2*z, -x*z - j = -3. Let n(g) = 111*g**z + 0*g + 2 - 112*g**2 + 7*g. Determine n(5).
12
Let k(n) = 61 - 56*n - 46*n + 135*n - 41*n. What is k(11)?
-27
Let u = -165 - -169. Let n(q) = -2*q + 12. Let j(x) = 1. Let w(l) = 10*j(l) - n(l). Determine w(u).
6
Let n(y) = 6*y**2 - y - 2. Let l(p) = 8*p**2 + 34*p - 82. Let m be l(-6). Give n(m).
20
Suppose 40*z - 18*z = -19*z. Let c(w) = -w**2 - 9. Give c(z).
-9
Let r(h) = 1 + 9 - 5 - 7 - 17*h - 3. Give r(-2).
29
Let x(z) be the first derivative of 17*z**2 + z + 1570. Give x(-1).
-33
Let v(b) = 48*b**2 + 4*b**3 - 45 + 20*b + 9 - 6*b**3 - 81*b**2 + 45*b**2. What is v(7)?
6
Let z(v) be the third derivative of 1/6*v**3 + 1/60*v**5 + 0*v + 0 - 106*v**2 + 1/2*v**4. Calculate z(-7).
-34
Let o(h) = -3*h**2 - 37*h - 219. Let x(n) = 4*n**2 + 40*n + 217. Let r(w) = 3*o(w) + 2*x(w). Determine r(-11).
-3
Let r be 6/2 - 5 - 1. Let z be (-10)/r*(-6)/5. Let t(x) = -x**3 + 30*x**2 + 7*x - 1. Let h(c) = 11*c**2 + c + 1. Let d(n) = 3*h(n) - t(n). Determine d(z).
4
Let i(r) = -3*r**2 + 88*r - 162*r + 1 + 78*r - r**3 - r**3. Suppose 2*t - 22 = 4*q, 14 = -q + 3*q + 4*t. Give i(q).
16
Let d(h) = 4*h - 392. Let w be d(101). Let s(p) = -3*p**2 + 37*p + 1. Determine s(w).
13
Let n(s) = -3*s**3 + 34*s**2 + 5*s + 11. Let m(h) = -7*h**3 + 79*h**2 + 10*h + 21. Let w(x) = -4*m(x) + 9*n(x). Determine w(8).
-73
Suppose v + 64 = 2*n + 62, -5*n - v + 33 = 0. Let l(x) = -11*x - 5. Calculate l(n).
-60
Let h(b) = -4*b + 4. Let o(j) = j**3 + 5*j**2 + 11*j + 12. Let i be o(-3). Let v be (2 + (-2 - i))/1. What is h(v)?
-8
Let h(g) be the second derivative of g**5/20 + g**4/4 - g**3/6 + 1204*g - 1. Determine h(-4).
-12
Let p(j) be the second derivative of 7*j**3/3 - 20*j**2 + 3*j - 3. Let k be p(3). Let x(w) = 2*w**3 - w**3 + 2*w - 3*w**2 + w**2. Calculate x(k).
4
Let s(y) = 4*y**3 - 32*y**2 + 37*y + 12. Let o(x) = -x**3 + 8*x**2 - 9*x - 3. Suppose -167 = 3*i + 55. Let t = i + 65. Let r(g) = t*o(g) - 2*s(g). What is r(7)?
3
Let o(q) be the third derivative of -19*q**4/24 + 15*q**3/2 + 208*q**2 + q. Determine o(3).
-12
Let f = 180 - 33. Let a(z) = -f*z**2 - 10 - 9 - 17*z + 301*z**2 - 155*z**2. Calculate a(-16).
-3
Let r(t) be the second derivative of -t**4/12 - t**3/6 + 7*t**2/2 - 23*t. Let u be -5 + 11 + (-18)/6. Calculate r(u).
-5
Let u(c) = 59*c**3 + 29*c**2 + 29*c + 206. Let n(z) = 15*z**3 + 2*z**2 + 4*z + 1. Let a(q) = 4*n(q) - u(q). Determine a(22).
-4
Suppose 14 = 5*w - o, -5*o = -4*w - 2*o + 20. Let g(s) = 8*s + 39*s**2 + 2 - 5 - 78*s**2 + 38*s**w. Determine g(10).
-23
Let d = -29 + 25. Let b(h) = -91*h**2 + 27*h**2 + 32*h**2 - 8 - 6*h + 31*h**2. Determine b(d).
0
Let s(g) = -g**3 - 3*g**2 + 149*g - 11. Let y(r) = r**2 + 30*r - 5. Let t(m) = s(m) - 5*y(m). What is t(-6)?
-52
Suppose 10 = 5*a - 5, -2*l - a + 31 = 0. Let d(k) = 3*k**2 - 43*k + 13. What is d(l)?
-1
Let m = -2076 + 2084. Let w(k) = k**3 - 8*k**2 - 4*k + 26. Calculate w(m).
-6
Let j(f) = 5 - 5 - 4 + 4971*f - 4972*f + 6. Suppose 4*p + 4 = -2*a - 2, 5*p = 5*a - 45. What is j(a)?
-3
Let q(a) = 2*a - 10*a**3 + 27*a - 45*a - 1 + 18*a. Suppose -3*b = -6*o + 2*o + 4, 5 = 5*o + b. Let v be -1 + (o - 3)*-1. What is q(v)?
-9
Suppose 26 = -3*f - 33*p + 28*p, p = -7. Let i(d) = -d**3 + 6*d**2 + 4. What is i(f)?
31
Let n(s) = s**2 - 5*s + 2. Let i be n(5). Let u(q) = -17 + 6*q**2 + 12 - q**3 + i*q - 5*q + 5*q. Suppose -3*m + 19 = 1. What is u(m)?
7
Suppose 4*g + 19*i - 13 = 18*i, 3*i = g - 26. Let c(j) = 5*j**2 - 13*j + 7. Give c(g).
67
Let k(t) = t + 2. Let b(j) = -2*j. Let r = -266 + 262. Let o(x) = r*k(x) - b(x). Determine o(-8).
8
Let x(n) = -19*n + 19*n - 4 + n**2. Let j be -30*(-3 + (-9)/4*-2). Let d be (4/(-10))/(6/j). Determine x(d).
5
Let y(s) = -s**2 - 17*s - 59. Let c(p) = p**3 + 21*p**2 - 491*p - 42. Let